t u(h) = -6*h - 3. Let j(t) = -t**3 - 22*t**2 + 25*t + 45. Let v be j(-23). Let o(w) = w**2 - w - 1. Let k(q) = v*u(q) + o(q). What is k(-4)?
-2
Let c(m) = -186 + 21*m - 166 + 355. Determine c(1).
24
Let a(s) = -s**3 + 7*s**2 + 8*s. Let w be -6 + 7 + 4*1. Suppose -5*j - 227 = -2*o, -63 = -w*j + o - 289. Let y = -37 - j. What is a(y)?
0
Let o(a) = -2*a + 27. Let j be 3 + (-7)/((-4)/(-8) + -4). Calculate o(j).
17
Let v be 3/((-18)/(-200)) + 100/(-75). Suppose -v = t - 31. Let b(z) = -6*z**2. Determine b(t).
-6
Let v = -13 - -8. Let l = -733 - -749. Let h(p) = -10*p + 7 + p**3 + l*p + 6*p**2 + p. Give h(v).
-3
Let s(z) be the third derivative of 0 + 0*z - 2*z**2 + 1/15*z**5 - 1/120*z**6 + 7/24*z**4 - 2/3*z**3. Suppose 11 = 3*r - a, 16 = 4*r + 2*a - 12. Calculate s(r).
6
Let d(n) = -n**2 - 8*n - 13. Let h be d(-3). Let g(r) = -9*r + 293*r**2 - 17 - 287*r**h - r**3 + 2*r**3. Determine g(-7).
-3
Let m(i) be the third derivative of -1/2*i**3 + 1/4*i**4 + 21*i**2 + 0 + 0*i. Let v(w) = w - 1. Let d(z) = -m(z) + 4*v(z). Calculate d(-4).
7
Let l(w) = -34*w**2 - 25*w + 176. Let t(f) = 9*f**2 + 6*f - 46. Let c(y) = 4*l(y) + 15*t(y). Determine c(-9).
23
Suppose -k - 2*k + 4*u = -3, 0 = k + u - 1. Let b be (-1*(-2)/(-2))/k. Let l(a) = 11*a + 69398*a**2 - 69405*a**2 - 1 - 13*a. Give l(b).
-6
Let c(h) = -h - 8. Let f be c(-10). Suppose -4*s - 5*b + 30 = -65, 0 = 5*s + 2*b - 123. Let q(w) = 1 + 6 - 21*w + s*w - 6 + 2*w**f. Give q(-3).
7
Let s(q) = -q**3 - 7*q**2 - 4*q - 3. Let w(j) = 2*j**3 + 7*j**2 + 2*j + 2. Let g be -3 + 10/(-35) + 2/7. Let p(c) = g*s(c) - 2*w(c). Calculate p(8).
5
Let m(g) be the third derivative of -g**4/24 - 5*g**3/3 - 3*g**2. Let k(t) = -t**2 + 3*t + 14. Let d be k(5). Suppose 13 = -c - u, 3*c + 8 = d*u + 4. Give m(c).
-2
Let y(l) = -2*l**3. Suppose -4*k + 3*z = -4 + 6, 4 = -2*z. Let r = k + 6. Suppose r*t = 4*i + 12, -2*t + 3 - 1 = 2*i. Give y(i).
2
Let f(x) = x**2 + x. Let i(a) = -4*a + 77. Let c be i(19). Suppose -17 = -4*d - 4*j - c, -5*j + 20 = -4*d. Determine f(d).
0
Let f(j) = j**3 - j**2 - 3*j - 2. Let t(h) = -h + 1. Suppose 3*m + u + 7 = -u, -4*m + 5*u = -29. Let d be 2/(-3) - 91/39. Let s(v) = d*t(v) + m*f(v). Give s(0).
-5
Let s(b) = -27353*b**2 + 13682*b**2 + b**3 - 10*b - 3 + 13675*b**2. Calculate s(-4).
37
Let l(i) = 2*i**2 + 29*i - 42. Let b(j) = 6*j**2 + 94*j - 134. Let s(q) = -5*b(q) + 16*l(q). Let h be 2/(-3) + (-34)/(-6). Give s(h).
18
Let z(x) = x**3 + 3*x**2 - x + 3. Suppose -30*r = 35*r + 37*r - 86*r. Calculate z(r).
3
Let j(u) = -u - 2. Suppose 3*s + 3 = 12. Suppose -9 = -s*n + 3*x, -8*n - 4*x + 15 = -3*n. Suppose 57 + n = -10*y. Give j(y).
4
Let r(o) = 39*o + 511. Suppose 0 = -40*k - 1257 + 737. Determine r(k).
4
Let s(b) = b**3 - 5*b**2 + 7*b - 6. Let c = 4740 - 4737. Give s(c).
-3
Let f(h) = -h**2 - 7*h + 2. Let c be 2 - (-2 - (3 - 6)). Let n be -7*60/(-35)*c/(-2). Calculate f(n).
8
Suppose 4*x + 34 - 2 = 0. Let r(c) = -2*c. Let i(l) = -l**2 - 16*l + 10. Let n(o) = -i(o) + 3*r(o). Give n(x).
-26
Suppose 4*h - 39 = -3*b, 0*h = -b - 2*h + 11. Let r(f) = 3 + 6 - 9 - b*f. Calculate r(1).
-17
Let c = 4 + 1. Suppose -3*s - s = 2*l + 6, 0 = -c*l + 5*s. Let n(a) = -2*a**3 + 2*a + 1. What is n(l)?
1
Let o be (4/(-3))/(4/(-3)). Let s(r) = 1 + 230*r**2 - 114*r**2 - 117*r**2. Let j(h) = -4*h**2 + 4*h. Let v(l) = o*j(l) - 5*s(l). Calculate v(-5).
0
Let t(d) be the second derivative of -d**3/2 + 65*d**2/2 - 70*d + 2. Determine t(19).
8
Let d(j) = 2*j**3 - 20*j**2 - 3*j + 1 + 44*j**2 - 21*j**2. Let t be d(1). Let z be t/((-5)/(-17 - -2)). Let h(c) = -c**3 + 8*c**2 + 8*c. Calculate h(z).
-9
Let p(b) = 2*b**2 + b + 1. Let y(t) = -2*t**2 - 9*t + 96. Let g(s) = -2*p(s) - y(s). Let l(q) be the first derivative of g(q). Calculate l(6).
-17
Let o(l) = -1. Let s(c) = 2*c - 3. Let i(h) = -3*o(h) - s(h). Let q(v) = v**3 + 9*v**2 - 71*v - 21. Let f be q(-14). Give i(f).
20
Let v(j) be the second derivative of 5*j**3/6 + j**2/2 + 23*j. Let w be v(1). Let k(a) = 3*a**2 + a**3 - 1 - 10*a**2 + 2 + 7*a. What is k(w)?
7
Let b be (3/1 + -2)*2. Let m be (-6)/33 - 119/11. Let a(x) = 32*x + 6. Let g(i) = -11*i - 2. Let f(v) = m*g(v) - 4*a(v). What is f(b)?
-16
Let s(j) = 2*j**2 - 3*j + 1. Suppose -2*i + v = -i - 38, 3*v = -i + 46. Let a be (15/i)/((-15)/(-20))*6. Determine s(a).
10
Let k = 81 + -80. Let q(w) = 2*w**2 - w + 1. Let a be q(k). Let h(n) = n + 11. Let b(g) = 2. Let f(t) = 11*b(t) - 2*h(t). Calculate f(a).
-4
Let v(f) = -7*f + 44. Let k be v(-5). Suppose -k = -15*h + 11. Suppose -9*u = -h*u + 6. Let i(s) = s**3 + 2*s**2 + s + 1. What is i(u)?
-1
Suppose 268 - 265 = w. Let u(z) = -8*z**2 + 6*z + z**w - 18 - 2 + 9 + 7. Give u(7).
-11
Let r(m) = -5*m - 1. Let w(l) = -7*l - 1. Let c(d) = 4*r(d) - 3*w(d). Let k(p) = 4*p - 2. Let q(b) = 9*c(b) - 2*k(b). What is q(9)?
4
Let q(k) = 6*k + 1 - 4 - 2*k. Let r(w) = -5*w + 3. Suppose -78*f = -77*f + 4. Let o(n) = f*q(n) - 3*r(n). Calculate o(-6).
9
Suppose 2*r - 10 = -z, -6*r + 17 = -z - 5. Let q(s) be the first derivative of s**2/2 - 3*s - 2. What is q(r)?
1
Let q(i) = 5*i**2 + 3*i - 26*i**2 + 3*i**2 - 2 - 2*i**2 - 30*i**2. Calculate q(1).
-49
Let p(r) = -r**2 - 1. Let x(o) = 26*o + 108. Let u be x(-4). Suppose 3*q + h - 7 = 0, -q + u*h = q - 14. Determine p(q).
-10
Let d(h) be the third derivative of -h**7/5040 + h**6/180 - 19*h**5/12 - 202*h**2. Let y(k) be the third derivative of d(k). Calculate y(13).
-9
Suppose -4*v = 4*n - v + 45, 4*v = 2*n + 6. Let z be 3/n - 38/(-6). Let r(a) = a + 8. What is r(z)?
14
Let r(h) be the third derivative of -7*h**4/24 - h**3/3 - 3*h**2. Let c(v) = -3*v - 1. Let a be (-1 - (0 - 16))/3. Let n(g) = a*c(g) - 3*r(g). Determine n(-1).
-5
Let s = -2 + 4. Let y(c) = c**2 + 0*c**2 + 10*c**3 + 24*c**3 + 3*c**2 - c**2 - 1 - 33*c**3. Give y(s).
19
Let b(y) be the second derivative of -y**4/12 + 5*y**3/6 + 3*y**2/2 - 28*y - 16. Determine b(3).
9
Let k(a) be the third derivative of a**8/10080 - a**7/1008 + a**6/180 - 4*a**5/15 + a**3/6 + 7*a**2. Let g(m) be the third derivative of k(m). Calculate g(3).
7
Let w(q) be the first derivative of -q**5/60 - 7*q**4/12 - 227*q**3/3 - 71. Let z(p) be the third derivative of w(p). What is z(-8)?
2
Let t(g) = 5*g**2 - 16*g - 3. Let m(r) = 14*r**2 - 48*r - 10. Let z(f) = -6*m(f) + 17*t(f). Determine z(-15).
-6
Let h(r) = r**3 + 2*r**2. Let s = -17 + 24. Let b(y) = 2*y**2 - 17*y + 22. Let q be b(s). Let a be (10 - 13)/(q - (-2 + 2)). Give h(a).
-9
Suppose 5*y - 5*x = 120, -4*x + 2*x - 123 = -5*y. Suppose 5*n - y = 0, -6*u + 15 = -u - 2*n. Suppose u*a + 19 = -1. Let t(o) = -o - 9. Give t(a).
-5
Let s(w) = 2*w - 6. Let i be s(4). Let g(m) = m**2 + 3 + 4*m**2 + m**i - 3*m**2 + 7*m. Let x(o) = -o**2 - 4*o - 2. Let b(z) = -2*g(z) - 5*x(z). What is b(6)?
4
Suppose 3 = -3*d + 12. Let o(s) = -5 + d*s + 10 + 2*s - s**2. Suppose -5*i + 36 = 3*x, -5*x - 6 = -5*i + 14. Determine o(i).
-1
Let i(s) = 2*s**3 - 3*s**2 + s - 1. Let w(t) = -t**3 + 25*t**2 - 25*t + 17. Let y be w(24). Let l(d) = d**3 + 7*d**2 + 3*d + 23. Let a be l(y). What is i(a)?
5
Let l(m) = -5*m - 1. Let s(b) = b**3 + 6*b**2 + b + 12. Let p be s(-6). Let j be 2*21/p - 3. Let k be (6/24)/(j/(-16)). Determine l(k).
4
Suppose 0 = 2*t - 5*i - 5, 13 = 2*t - 0*t + 3*i. Let j(l) = l + t - l**2 + 16 + 7 - 40. Suppose 3*x + 3 = 2*b - 1, 0 = 4*x + 3*b - 6. Give j(x).
-12
Let j(z) = 6*z + 3 - 16 + 7*z. Let t(p) = -802 - 804 - 3*p + 1609. Let o(h) = -2*j(h) - 9*t(h). Give o(-5).
-6
Let h(a) = -3*a - 12. Suppose 23 = 3*c + 25*w - 23*w, 2*c - 12 = -3*w. What is h(c)?
-39
Let y(u) = 5*u - 63. Let k be y(12). Let a(r) = -9*r - 12. Give a(k).
15
Let p(q) = -q**2 + 37*q - 208. Let s = 30490 + -30460. Calculate p(s).
2
Let y be (4 + -2)/(7 + 225/(-18) + 5). Let k(v) = v**3 + 7*v**2 + 14*v + 10. What is k(y)?
2
Suppose 5*l - 16 = q, -2*l - 7*q + 28 = -2*q. Let c(p) = 6*p - 100. Let h be c(18). Let v(s) = -h + 3*s - 4*s - 2 + 5. Give v(l).
-9
Suppose -18*t + 16 + 20 = 0. Let r(n) = -54 + 17 + 39 + n**t. Determine r(-4).
18
Let n(o) = -2*o + 4. Let t be n(4). Let m be -10 - t - -1*1. Let w(f) be the second derivative of -f**3/6 + f**2 + f + 3655. Calculate w(m).
7
Suppose 8*v = 12*v - n + 22, 0 = n + 6. Let k(s) = -8*s - 49. What is k(v)?
7
Let v(w) = -w**3 - w + 4. Suppose 5*b - 9 = 6*i - 3*i, -5*b + 